ainder when 48864 is divided by 730.
684
Calculate the remainder when 489546 is divided by 2524.
2414
What is the remainder when 84734 is divided by 147?
62
What is the remainder when 840354 is divided by 1270?
884
Calculate the remainder when 31781694 is divided by 135.
129
What is the remainder when 626493 is divided by 8465?
83
What is the remainder when 6440871 is divided by 81?
75
Calculate the remainder when 22923 is divided by 202.
97
Calculate the remainder when 1725718 is divided by 143809.
10
Calculate the remainder when 11456174 is divided by 1683.
1676
Calculate the remainder when 8959569 is divided by 867.
858
Calculate the remainder when 586559 is divided by 1001.
974
What is the remainder when 421087 is divided by 3935?
42
What is the remainder when 24234243 is divided by 29?
16
Calculate the remainder when 37798826 is divided by 107383.
10
What is the remainder when 496026 is divided by 782?
238
What is the remainder when 135585546 is divided by 98?
96
Calculate the remainder when 858198 is divided by 4443.
699
Calculate the remainder when 2561510 is divided by 8.
6
Calculate the remainder when 391584 is divided by 535.
499
What is the remainder when 6543208 is divided by 4024?
184
Calculate the remainder when 566555 is divided by 166.
163
What is the remainder when 2436359826 is divided by 238?
236
Calculate the remainder when 1073128 is divided by 152.
8
What is the remainder when 102263928 is divided by 2654?
0
What is the remainder when 162013454 is divided by 1297?
1293
Calculate the remainder when 10883059 is divided by 1765.
69
Calculate the remainder when 3400495 is divided by 125.
120
What is the remainder when 129275 is divided by 7382?
3781
Calculate the remainder when 6992699 is divided by 2119.
2118
Calculate the remainder when 426201 is divided by 71015.
111
What is the remainder when 5973569 is divided by 1991186?
11
Calculate the remainder when 70845870 is divided by 23615288.
6
Calculate the remainder when 32104 is divided by 10695.
19
What is the remainder when 527331 is divided by 23964?
123
Calculate the remainder when 16876994 is divided by 753.
5
What is the remainder when 34477273 is divided by 531?
505
Calculate the remainder when 1237303 is divided by 1237296.
7
What is the remainder when 73982 is divided by 5888?
3326
Calculate the remainder when 3326070 is divided by 52.
46
What is the remainder when 581656 is divided by 581534?
122
What is the remainder when 53212 is divided by 1123?
431
What is the remainder when 11012 is divided by 1822?
80
What is the remainder when 20877739 is divided by 9169?
9095
Calculate the remainder when 24304817 is divided by 8101591.
44
Calculate the remainder when 178994 is divided by 558.
434
What is the remainder when 175196689 is divided by 2329?
2322
Calculate the remainder when 2384372 is divided by 158958.
2
Calculate the remainder when 2536347 is divided by 62.
51
What is the remainder when 1868802 is divided by 6845?
117
What is the remainder when 106736 is divided by 4629?
269
Calculate the remainder when 5456384 is divided by 699.
689
Calculate the remainder when 178144 is divided by 1390.
224
What is the remainder when 84779611 is divided by 110823?
16
What is the remainder when 381020 is divided by 2215?
40
What is the remainder when 90511 is divided by 45074?
363
What is the remainder when 334578 is divided by 83622?
90
What is the remainder when 96077 is divided by 1606?
1323
What is the remainder when 433635596 is divided by 447047?
6
Calculate the remainder when 1218083 is divided by 6843.
29
Calculate the remainder when 52621 is divided by 2614.
341
What is the remainder when 391072 is divided by 1262?
1114
What is the remainder when 29301097 is divided by 1879?
1850
What is the remainder when 399315 is divided by 3124?
2567
Calculate the remainder when 177460 is divided by 35357.
675
Calculate the remainder when 330825 is divided by 13753.
753
What is the remainder when 199167 is divided by 49226?
2263
What is the remainder when 298730 is divided by 60?
50
What is the remainder when 4602943 is divided by 5086?
113
What is the remainder when 1017561 is divided by 78271?
38
Calculate the remainder when 2464663 is divided by 3740.
3
What is the remainder when 323309 is divided by 35908?
137
What is the remainder when 350896 is divided by 4497?
130
What is the remainder when 418935 is divided by 41?
38
What is the remainder when 485934 is divided by 716?
486
Calculate the remainder when 1477171 is divided by 13552.
3
Calculate the remainder when 578042 is divided by 32113.
8
What is the remainder when 2081472818 is divided by 14?
12
Calculate the remainder when 7175 is divided by 755.
380
What is the remainder when 1249781 is divided by 138855?
86
What is the remainder when 1172703 is divided by 67?
2
What is the remainder when 42291983 is divided by 14097325?
8
Calculate the remainder when 588169 is divided by 243.
109
What is the remainder when 7847799 is divided by 373?
252
What is the remainder when 25234 is divided by 3481?
867
What is the remainder when 12337706 is divided by 2058?
2054
Calculate the remainder when 301757 is divided by 198.
5
What is the remainder when 9428711 is divided by 5303?
5280
What is the remainder when 1915602 is divided by 8747?
9
What is the remainder when 868082111 is divided by 1317?
1316
Calculate the remainder when 424734 is divided by 16989.
9
What is the remainder when 268275 is divided by 53649?
30
What is the remainder when 298340 is divided by 298139?
201
What is the remainder when 83029 is divided by 1861?
1145
Calculate the remainder when 12939861 is divided by 3234932.
133
What is the remainder when 905079 is divided by 364?
175
What is the remainder when 39164711 is divided by 8112?
8087
What is the remainder when 5432766 is divided by 2972?
2922
Calculate the remainder when 115889 is divided by 115633.
256
Calculate the remainder when 4351109 is divided by 63.
14
What is the remainder when 21049375 is divided by 30729?
10
Calculate the remainder when 3133557 is divided by 26.
11
What is the remainder when 788696 is divided by 155625?
10571
Calculate the remainder when 10563 is divided by 250.
63
Calculate the remainder when 699339 is divided by 349654.
31
What is the remainder when 721643422 is divided by 174?
172
What is the remainder when 171115 is divided by 2343?
76
Calculate the remainder when 10573246 is divided by 19.
12
Calculate the remainder when 3271926 is divided by 5261.
4845
What is the remainder when 1170483 is divided by 135?
33
Calculate the remainder when 6723081 is divided by 100.
81
Calculate the remainder when 225180093 is divided by 61.
57
Calculate the remainder when 7030 is divided by 2783.
1464
What is the remainder when 121808563 is divided by 20301425?
13
Calculate the remainder when 184687086 is divided by 124.
122
What is the remainder when 172687128 is divided by 860?
848
Calculate the remainder when 13628 is divided by 2554.
858
What is the remainder when 47013 is divided by 45981?
1032
Calculate the remainder when 3999061 is divided by 666504.
37
What is the remainder when 938063 is divided by 259?
224
Calculate the remainder when 6319371 is divided by 775.
21
Calculate the remainder when 33774 is divided by 7906.
2150
Calculate the remainder when 18452 is divided by 8776.
900
Calculate the remainder when 839 is divided by 664.
175
Calculate the remainder when 41007485 is divided by 48.
29
Calculate the remainder when 1653952 is divided by 9729.
22
Calculate the remainder when 518895 is divided by 37058.
83
Calculate the remainder when 40262 is divided by 9547.
2074
Calculate the remainder when 35298204 is divided by 1163.
1154
What is the remainder when 75069740 is divided by 129?
125
Calculate the remainder when 1154347 is divided by 3835.
12
Calculate the remainder when 231940 is divided by 139.
88
What is the remainder when 4821578 is divided by 13?
8
What is the remainder when 13735173 is divided by 2089?
2087
Calculate the remainder when 62491778 is divided by 153.
152
What is the remainder when 189239 is divided by 2364?
119
What is the remainder when 59055 is divided by 2043?
1851
Calculate the remainder when 67036 is divided by 299.
60
Calculate the remainder when 